e (-1176)/(-18) + (-1)/3. What is the remainder when (-10)/v + 28/13 is divided by 1?
0
Suppose 28 = 5*b + 8. Calculate the remainder when b is divided by (1/(-2))/((-2)/8).
0
Let u(n) = 2*n**2 - 5*n. Let p(c) = -c**2 + 0*c**2 + 2 + 3. Let q be p(0). What is the remainder when u(q) is divided by 9?
7
Suppose -5*d + 22 = -18. Calculate the remainder when d is divided by 3.
2
Let c(l) = 94*l**2 + 5*l - 1. What is the remainder when c(-1) is divided by 19?
12
Suppose 5*f - 205 = -4*k, -4*f = -6*k + 2*k - 128. What is the remainder when 72 is divided by f?
35
Let v = -31 + 71. Calculate the remainder when v is divided by 11.
7
Suppose 0*h = 2*h - 4*m - 10, 3*h - 4*m = 13. What is the remainder when h is divided by 2?
1
Let r(q) = q + 1. Let v be r(5). Suppose 0 = -3*w - 2*w + 85. Let z = w - v. Calculate the remainder when z is divided by 4.
3
Suppose 5*p - 9 = 11. Suppose -p*u - 5*a = -0*a - 2, -u - 5*a - 7 = 0. Let g(v) = 2*v**2 - 4*v - 1. Calculate the remainder when g(u) is divided by 2.
1
Let n(v) = -v - 4. Suppose -y + 3 = 1. Calculate the remainder when n(-6) is divided by y.
0
Let b(k) = -k**3 + 11*k**2 + 5*k - 5. Let g be b(10). Suppose -4*l + g = 3*x, l = -x - 3*x + 33. What is the remainder when l is divided by 13?
11
Let r = 608 - 429. What is the remainder when r is divided by 45?
44
Let z = -16 + 82. Suppose x = -2*x + z. What is the remainder when 43 is divided by x?
21
Let g = 125 - 84. What is the remainder when g is divided by 21?
20
Suppose -t + 34 = t. Suppose 36 = 3*l + l. Calculate the remainder when t is divided by l.
8
Let o = -49 - -93. What is the remainder when o is divided by 15?
14
Let o be (6/3 - 85)/1. Let m = o - -116. Calculate the remainder when m is divided by 18.
15
Suppose -2*a = -h + a + 17, 0 = -5*h - a + 37. Calculate the remainder when 22 is divided by h.
6
Let o(z) = 2*z - 4. Let f be o(3). Suppose -4*q + 39 = 3*p, 0 = -4*p - f + 6. What is the remainder when q is divided by 5?
4
Suppose -73 + 1 = -3*d + 4*p, -d + 5*p = -13. Calculate the remainder when d is divided by 5.
3
Let l(g) = -g**2 + 18*g - 7. What is the remainder when l(14) is divided by 17?
15
What is the remainder when 57 is divided by ((-29)/(-3))/((-20)/12 - -2)?
28
Suppose -i = i. Let j = 2 + i. Calculate the remainder when j is divided by 2.
0
Suppose -7*f = -4*f - 75. Suppose 2*l - 3 - 1 = 0. Calculate the remainder when f is divided by 12 - ((l - 3) + 0).
12
Let f(d) = -7*d - 9. Calculate the remainder when 59 is divided by f(-3).
11
Let z(f) be the second derivative of 2*f**3 - f**2 + 5*f. What is the remainder when z(6) is divided by 24?
22
Let o = 189 + -126. What is the remainder when o is divided by 22?
19
Let o(z) = 37*z - 42. What is the remainder when o(5) is divided by 24?
23
Let l(j) = -j**2 - 4*j. Let d = 5 - 7. Let g be l(d). Let b(c) = -c**2 + 6*c - 2. What is the remainder when 21 is divided by b(g)?
3
Let j = -25 + 27. Suppose 3*m - 187 = -4*d, j*m + 2*m = -2*d + 246. Calculate the remainder when m is divided by 21.
19
Calculate the remainder when -1*3 - (-4)/(-4)*-23 is divided by 9.
2
Let o = 35 + -16. What is the remainder when 35 is divided by o?
16
Suppose 36 = 2*q - 4*h + 3*h, -q + 2*h = -18. What is the remainder when 71 is divided by q?
17
Let d(i) = -i**3 + 4*i**2 - 4*i - 2. Let n be d(5). Let o = n - -34. Let k = 22 + o. Calculate the remainder when 17 is divided by k.
8
What is the remainder when 4/(-7 + 3)*-11 is divided by 2?
1
Let n = 6 + -2. Suppose n*y + 52 = o + 3*o, -o - 3*y - 7 = 0. Calculate the remainder when 15 is divided by o.
7
Let g(z) = z + 124. Let d be g(0). Suppose -x + 3*x - d = 0. Calculate the remainder when x is divided by 21.
20
Suppose 2*b - 12 = -3*c + 3, -2*b - c + 13 = 0. What is the remainder when 33 is divided by b?
3
Suppose -8*g = -3*g. Let s = 2 - g. Suppose s*l + l - 39 = 0. What is the remainder when l is divided by 7?
6
Let m(o) = -o**2 + 12*o - 19. Calculate the remainder when 23 is divided by m(9).
7
Let h = -4 - -6. Let m be (2 + -1)*(9 - 21). What is the remainder when 23 is divided by (m/3)/(h/(-6))?
11
Suppose -19 = -2*h + 11. Suppose -u + 3 = -h. Suppose -108 - 63 = -5*l - j, 4*l = 2*j + 134. What is the remainder when l is divided by u?
16
Let m(i) = i**3 + 3*i**2 - i - 1. Let r be m(-3). Suppose 66 = r*q + q. Let w(k) = k**2 + 4*k + 3. What is the remainder when q is divided by w(-5)?
6
Let b be (1 - (-6)/(-3))*0. Let r = b + 14. Calculate the remainder when r is divided by 0/(-1) + 0 + 8.
6
Let l(f) = -f**3 + 11*f**2 + 14*f + 15. What is the remainder when 74 is divided by l(12)?
35
Let s be (-16)/(-6)*(-3)/(-2). Suppose -s*t = -g - 3 + 2, 0 = 3*g + 4*t - 77. What is the remainder when g is divided by -3 - (0 + 1 + -14)?
9
Suppose -5*o + 113 = 2*w, 0 = -5*w + o - 3*o + 335. Calculate the remainder when w is divided by 20.
9
Suppose 2*u - x - 626 = 0, 10*u - 939 = 7*u - x. What is the remainder when u is divided by 45?
43
Suppose -d - 4 = 0, 12 - 2 = 2*c + 5*d. Let h(m) = m**2 + m + 43. Suppose -4*x = -2*z, 2*z = -3*x + z. Calculate the remainder when h(x) is divided by c.
13
Suppose -z + 2 = -0. Suppose a = -a + 22. What is the remainder when (-1*1)/(z/(-62)) is divided by a?
9
Let t(j) = -j**3 - 2*j**2 - 2*j - 3. Let y be 2/(-8)*-2*-6. Let f(c) = 2*c + 22. What is the remainder when f(6) is divided by t(y)?
10
Let x(y) = y**2 + 4*y - 11. Calculate the remainder when x(5) is divided by 9.
7
Let j(h) = -h**3 + 6*h**2 - 4*h. Suppose -x + 25 = 4*x. Suppose 2*w = -5*q + 36, 27 = 2*q + x*w - 0*w. What is the remainder when j(4) is divided by q?
4
Suppose -4*s = 26 + 22. What is the remainder when 31 is divided by -1*(-2 - -3) - s?
9
Let f(g) = -g**2 + 7*g - 1. Suppose -4*q = 3*l - 7*l, 5*l = -q + 30. Let m(o) = -o. What is the remainder when f(l) is divided by m(-5)?
4
Suppose 10 = 2*v + 2*a - 14, 2*a = 5*v - 53. Let w = 1 + 3. Calculate the remainder when v is divided by w.
3
Let r be -3*(3 + (-3 - -3)). Let u = r - -8. What is the remainder when (0 - (u + 3)) + 7 is divided by 4?
1
Suppose 20*f - 31*f + 319 = 0. What is the remainder when f is divided by 3?
2
Suppose -3*m + 4 = -17. What is the remainder when 9 is divided by m?
2
Let q(f) = -4*f - 11*f**3 + 2 + 10*f**3 + 4*f**2 + 4*f. Let a = 7 + -3. Calculate the remainder when 4 is divided by q(a).
0
Suppose -34 = -4*a - 2*t, 0*t - t = -2*a + 23. What is the remainder when 19 is divided by a?
9
Calculate the remainder when 24 is divided by 26/(-1)*((-5)/(-2) - 3).
11
Suppose 3*c + 81 = 12*c. Let o = 35 - 2. What is the remainder when o is divided by c?
6
Let b(j) be the first derivative of j**2 + 3*j + 3. What is the remainder when 24 is divided by b(5)?
11
Let b(w) = -w**3 - 6*w**2 + 6*w + 3. Let j be b(-7). Let v(t) = -6 - t**2 + 3*t - 2*t + 0*t**2 + 12*t. Calculate the remainder when v(j) is divided by 13.
11
Suppose -3 = -q + 12. What is the remainder when 516/9 - (-2)/(-6) is divided by q?
12
Let j(n) = 2*n - 17. What is the remainder when j(15) is divided by 4?
1
Let b(w) = w**3 + 4*w**2 - 2*w - 1. What is the remainder when 19 is divided by b(-4)?
5
Let m(h) be the third derivative of -h**5/30 - 7*h**4/24 - h**3/3 + 2*h**2. Let v be m(-6). What is the remainder when v/(-14) + 2/(-7) is divided by 1?
0
Suppose 7 + 1 = -2*y. Let s be (-10)/y*(-32)/(-20). Suppose -23 = -a - s. Calculate the remainder when 55 is divided by a.
17
Suppose u - 67 = 4. What is the remainder when u is divided by 24?
23
Suppose 195 = -3*f + 8*f. What is the remainder when 38 is divided by f/(-6)*(0 - 2)?
12
Suppose 46 = 2*k - 2*y, -2*k + 6*y + 43 = 3*y. What is the remainder when k is divided by 10?
6
Let g be (-6)/10 + (-2)/5. Calculate the remainder when ((-2)/(-6))/((-3)/(-171)) is divided by 14*g*1/(-2).
5
Suppose 4*q + 0*m = 4*m + 32, 33 = 5*q + 2*m. Let t = 6 + -2. Calculate the remainder when q is divided by t.
3
Let x(y) = -y**2 + y + 31. Let r = -4 + 1. Calculate the remainder when x(0) is divided by r/(-2)*(-154)/(-21).
9
Let u = 2 - -6. Suppose 2*n - 22 = -0. Let c = 16 - n. What is the remainder when u is divided by c?
3
Suppose -3*p + 0*p - 34 = -5*j, -2*p + 14 = 4*j. Calculate the remainder when 16 is divided by j.
1
Let j = 36 - 9. Let g = 68 - 48. Let h = g - 6. What is the remainder when j is divided by h?
13
Let z(l